 - 1. Give o(y).
2
Let h = -15 + 18. Let p(y) = -y**3 - 20*y**2 + 15*y**2 + 2*y + 7*y**2 - 2. Determine p(h).
-5
Suppose -5*z = 11*b - 53, -6 = -9*b + 11*b - 3*z. Let f(y) = -4*y + 10. Determine f(b).
-2
Let w(i) = i**2 + 10*i + 9. Let k(z) = -z**3 + 9*z**2 + 35*z + 4. Suppose -47*m - 48 = -51*m. Let x be k(m). Calculate w(x).
-7
Let q(g) = -g**2 - 9*g - 18. Let c(w) = w**2 + 6*w + 17. Let s(b) = 3*c(b) + 2*q(b). What is s(0)?
15
Let h(f) = 2*f - 35. Let w(k) = -1. Let z(c) = h(c) - 6*w(c). Let j be z(13). Let n(l) = -l**2 - l - 2. Determine n(j).
-8
Let c(b) = b**2. Let l = -102 + 102. Give c(l).
0
Let h be (0 + (-4)/8)*-6. Let q(f) = -87*f + f**2 - 2 - h + 82*f. Give q(5).
-5
Let c = -3643 - -3650. Let d(w) = 5*w**3 + 14*w**2 - 6*w + 6. Let m(v) = 6*v**3 + 15*v**2 - 6*v + 7. Let q(s) = 7*d(s) - 6*m(s). Give q(c).
7
Let d(v) = -2*v - 11. Let b(n) = -4*n - 20. Let x(f) = 3*b(f) - 5*d(f). What is x(-8)?
11
Let r = -1 + 3. Let z(x) be the third derivative of 0*x - 4*x**2 + 0 + 0*x**3 - 1/24*x**4 - 1/20*x**5. What is z(r)?
-14
Let t(m) = -5*m. Let o be (-2 + -11)/(0/(-2) - -1). Let g = 10 + o. Calculate t(g).
15
Let j(y) = -2*y + 20. Let v be j(10). Let h be (-9)/(v + (-1 - 0)). Let f(s) = 0 + 1 + 7*s - 7 + s**3 + h*s**2. Calculate f(-8).
2
Let w(v) = 2*v**2 + v - 5. Suppose 16*j - 87 = -23. What is w(j)?
31
Let s = 5 + -7. Let v(b) = 7*b**2 + 9*b + 63. Let f(n) = -8*n**2 - 10*n - 73. Let y(d) = 6*f(d) + 7*v(d). Calculate y(s).
1
Let c(w) = -w**2 + 1. Let t(n) = -5*n**2 - 5*n + 1. Let l(p) = -4*c(p) + t(p). Let o = -13 + 10. Determine l(o).
3
Let t(i) = 2*i**3 - i**2 - 4*i - 2. Let b = 809 - 810. Determine t(b).
-1
Let b(s) = s**3 + 2. Suppose -15 = 5*o, 4*o = 3*v - v - 104. Let c = 48 - v. Calculate b(c).
10
Let k(p) = p + 2. Let s(i) = -5*i + 154. Let q be s(31). Calculate k(q).
1
Let s be (-20)/(-6) + (-2)/6. Suppose 2*i = s*i + 2. Let n(y) = y - 2. Calculate n(i).
-4
Let i(r) be the first derivative of -r**6/45 - r**5/120 + 28*r**3/3 - 17. Let y(j) be the third derivative of i(j). Calculate y(-1).
-7
Let p(a) be the first derivative of 1/3*a**3 - 5/2*a**2 - 3 + 0*a. Suppose 0 = k - 4*x - 17, 2*k + 0*k - 4*x = 22. Calculate p(k).
0
Let b be ((-11)/4 - -2)*(-1 + -3). Suppose -5*u = -f + 16, -1 - b = 2*u. Let y(g) = -g**3 + 6*g**2 - 2*g + 3. Calculate y(f).
-9
Let v(f) be the first derivative of -3*f**5/20 - f**4/24 - 4*f**2 + 3. Let q(l) be the second derivative of v(l). Give q(-1).
-8
Let v(t) = -t**2 - 3*t + 5. Suppose 18 = 5*n - 2*g, 0*n = 5*n - 4*g - 16. Suppose -c - 5 = -o, -n*c + 2*c + o = 9. Calculate v(c).
1
Let m(v) = v. Let g = 410 - 406. What is m(g)?
4
Let i(a) = -46*a - 563. Let s be i(-12). Let v(o) = o**2 + 10*o - 5. Determine v(s).
6
Let m(w) = 11*w + 6. Let q(o) = 12*o + 5. Let p(l) = 4*m(l) - 5*q(l). Calculate p(-1).
15
Let k = 19 + -33. Let v = k + 12. Let f(u) = 7*u**3 + 7*u**2 + u + 11. Let q(a) = 10*a**3 + 10*a**2 + 2*a + 16. Let r(y) = -7*f(y) + 5*q(y). Determine r(v).
-7
Let b(t) = -t - 14. Suppose d + 2*q = -6, -10 = d - 15*q + 13*q. What is b(d)?
-6
Let y(m) = -m**3 - 5*m**2 - m - 4. Let p = 73 + -78. Give y(p).
1
Let n(y) = 2*y**2 + 4*y + 5. Suppose -4*r + i + 156 = 5*i, 2*r + i = 75. Suppose -5*z - r + 7 = -3*v, 4*z - v + 19 = 0. Calculate n(z).
21
Let t(c) be the first derivative of 42 - 1/3*c**3 - c**2 - 3*c. Calculate t(-6).
-27
Let l(h) = 2*h - 15. Suppose -16*p = -147 + 67. What is l(p)?
-5
Let j be 6/(-15) - 103/5. Let q = j + 17. Let r(y) = -9*y + 19. Let h(k) = 5*k - 10. Let z(g) = -11*h(g) - 6*r(g). Calculate z(q).
0
Let p(b) = 9*b + 768 - 767 + 8*b. Determine p(-1).
-16
Let c(p) = -7*p**2 + 4. Let v(x) = x**2. Let s(g) = -c(g) - 6*v(g). Let b(i) = i**3 - 4*i**2 - 5. Let u be b(5). Suppose 15*q + u = 20*q. What is s(q)?
12
Let g(u) = 2*u**2 - 3*u - 4. Let l(s) = -6*s - 9. Let k be l(-2). Give g(k).
5
Let t(r) = r**2 + 5*r + 6. Suppose -17 = 7*o + 10*o. Let u(h) = 6*h**3 - h. Let q be u(o). What is t(q)?
6
Suppose 5*a + 0*g + 2*g + 9 = 0, -2*a + 2*g + 2 = 0. Let p(t) = t**3 + 2*t**2 - 3*t - 3. Let u be p(-2). Let o(n) = 13*n**3 + n**2 + 2*n**3 - 4*n**u. Give o(a).
-10
Let d(x) = x**3 + 4*x**2 + 3*x - 2. Let s = -259 + 256. Give d(s).
-2
Let x(j) be the first derivative of -j**7/840 + j**6/60 + j**5/30 - j**4/12 + 17*j**3/3 - 3. Let f(m) be the third derivative of x(m). Calculate f(6).
22
Let i(g) = 74650*g + 3 - 149295*g + 74644*g + 4. Let d = 1 + 6. Determine i(d).
0
Let f(q) = 2*q - 9. Suppose 3*t + 4 = 3*i + 13, 0 = -t + 5*i - 9. Let u be f(t). Let m(l) = -l**2 + 3*l + 4. Determine m(u).
4
Let t be (-6)/(-21) - 4/14. Suppose 4*s = 2*s - 3*r - 1, -3*s + 5*r + 8 = t. Let p(j) = 4*j**2 + s + 3*j - 3 - 3*j**2. Give p(2).
8
Let w = -36 - -39. Let l(y) = -4 - 3*y**2 + 4*y**2 - 7*y**2 + w. Determine l(-1).
-7
Suppose 0 = -5*v + 53 + 22. Let h(g) = -g + 17. Determine h(v).
2
Let s(g) = 10*g**3 - 16*g**2 + 3. Let o(w) = 7*w**3 - 11*w**2 + 2. Let u(l) = 7*o(l) - 5*s(l). Let r = -56 - -58. Determine u(r).
3
Let s(b) = 11*b - 30. Let f(d) = -9*d + 27. Let t(n) = 6*f(n) + 5*s(n). Determine t(-12).
0
Suppose -2*c + 1 = -5. Suppose -c*g + 10 = 2*g. Let f(l) = 3*l**2 - 10 - l + l**2 + 1 - 3*l**g. Calculate f(0).
-9
Let v(f) be the first derivative of -f**2/2 + 14*f + 170. Determine v(6).
8
Let c(h) = -h - 5. Let t = 1 + 12. Let r = t - -3. Let l = 10 - r. What is c(l)?
1
Let q(m) = -14*m. Let w be (-3)/(15/35) + 3. Let f be 1*(w - -5)/(-1). What is q(f)?
14
Let g = 1 + -1. Suppose g*b + 4*b = 8. Let c(z) = -5*z**2 - 4*z - 10. Let w(a) = 13*a**2 + 11*a + 28. Let u(t) = 11*c(t) + 4*w(t). Give u(b).
-10
Let z = -9 - -2. Let d(w) = -7*w**3 - 7*w**2 + 9*w + 13. Let n(c) = -10*c**3 - 11*c**2 + 14*c + 20. Let m(t) = 7*d(t) - 5*n(t). What is m(z)?
-9
Let f = 66 - 57. Let d(y) = f*y - 18*y + 1 - 3. Give d(-2).
16
Let u(n) = -n + 4. Let o be u(0). Let p(w) be the first derivative of -w**3/3 + 2*w**2 + w - 14. Let v be p(o). Let t(j) = -j**3 - j. Calculate t(v).
-2
Let j = 9 - 8. Let f(r) be the first derivative of -1/3*r**3 - 1/2*r**2 + 4 + r. Calculate f(j).
-1
Let k(m) = -2*m. Let d(i) = 2*i**3 - 8*i**2 - 2*i + 7. Let w be d(4). Determine k(w).
2
Let i(b) = 5*b**2 + 11*b - 16. Let c(m) = 9*m**2 + 21*m - 31. Let a(t) = 4*c(t) - 7*i(t). Let g be 122/(-14)*1 + (-10 - 1020/(-105)). Calculate a(g).
6
Let v(r) = -2*r. Suppose 0 = 4*n + 7 + 9. Let k(t) = 6*t + 5 - 2*t - 5. Let y(i) = n*k(i) - 9*v(i). Calculate y(2).
4
Let o(y) = y**2 + 3*y - 12. Let w(g) = -g**2 - 24*g - 69. Let v be w(-21). Determine o(v).
6
Suppose 3*a = -4*g - 126, -3*a - 89 = 3*g + 2*a. Let d be ((-22)/g)/(1/3). Let c(v) = 0*v - 8*v - 4*v - 4 + 4*v**d + v**3 + 7*v. Calculate c(-5).
-4
Let x(u) = 2 + 220*u - 221*u + 0. Let d = 1 - -3. What is x(d)?
-2
Let o be 8 + (7 + -6)*-5 - -14. Let d(f) = -f**3 + 17*f**2 + 8. Calculate d(o).
8
Let g(r) be the third derivative of -r**4/12 + r**3 - 3*r**2. Let w = 183 + -178. What is g(w)?
-4
Let y(t) = -t**3 - 3*t**2 + t - 8. Suppose 0 = 2*q - 3*j + 5, 10 = -2*q - j + 1. Calculate y(q).
4
Let j(m) = 5*m**3 - 3*m**2 + 2*m - 18. Let f(t) = 6*t**3 - 4*t**2 + 2*t - 22. Let p(i) = -4*f(i) + 5*j(i). Calculate p(-3).
-26
Let b(i) = -i**3 - 28*i**2 + 55*i - 152. Let t be b(-30). Let y(x) = -6*x - 9. Let d(j) = -3*j - 4. Let v(l) = -5*d(l) + 2*y(l). What is v(t)?
-4
Let u = -40 + 44. Suppose -2*l = -3*i + 5, -i + 5*l = -2 - u. Let y(o) = -3*o. Determine y(i).
-3
Let o be (-14)/((-8 - -6)*1). Let y(c) = -c**2 + 2*c + 7. What is y(o)?
-28
Let h(b) = -b**2. Let p(j) = -j**3 + 9*j**2 - 5*j + 4. Let k(y) = -3*h(y) - p(y). What is k(5)?
-4
Let y be (-3 - 6) + 9 - 12. Let p(w) = -w**3 - 13*w**2 - 11*w + 5. What is p(y)?
-7
Let u(k) = 36*k - 37*k + 3 - 9. What is u(-7)?
1
Let x(s) = -10*s - 9. Let d(u) = -15*u - 13. Let a be 13 - 9/(-3) - 3. Let i = a - 20. Let l(o) = i*x(o) + 5*d(o). What is l(-2)?
8
Let u(s) = s**2 - 2*s - 6. Let y(b) = b**2 - b - 6. Let x(q) = 3*u(q) - 2*y(q). Determine x(7).
15
Let c(x) = -17*x**2 + 52*x - 16. Let o(n) = 3*n**2 - 10*n + 3. Let r(h) = -2*c(h) - 11*o(h). Let u = -12 - -7. Give r(u).
-6
Let a(p) = 3*p**2 - 8*p + 1. Let x(h) = 7*h**2 - 20*h + 1. Let r(f) = 5*a(f) - 2*x(f). What is r(-6)?
39
Let a(h) = -2*h**2 + 8*h - 6 + 0*h**2 + h**2. Let f(l) = l**3 - 18*l**2 - 18*l + 18. Let p be f(19). Let u = p + -31. W